?
2, 7, 129533
What are the prime factors of 609079528?
2, 409, 186149
List the prime factors of 653687896.
2, 587, 139201
List the prime factors of 486109495.
5, 5591, 17389
What are the prime factors of 86959774?
2, 11, 31, 127507
List the prime factors of 431154798.
2, 3, 131, 548543
What are the prime factors of 109692950?
2, 5, 661, 3319
List the prime factors of 124978805.
5, 7, 3570823
List the prime factors of 1020672481.
1020672481
What are the prime factors of 63648736?
2, 29, 107, 641
What are the prime factors of 2123598175?
5, 19, 1291, 3463
List the prime factors of 12709371.
3, 1579, 2683
What are the prime factors of 798389390?
2, 5, 79838939
List the prime factors of 9471159.
3, 17, 103, 601
What are the prime factors of 67936983?
3, 22645661
List the prime factors of 354709518.
2, 3, 19, 3111487
List the prime factors of 1251954733.
1251954733
List the prime factors of 63478391.
17, 73, 51151
What are the prime factors of 1368761531?
149, 9186319
List the prime factors of 54194481.
3, 11, 182473
What are the prime factors of 896259420?
2, 3, 5, 7, 711317
List the prime factors of 249389378.
2, 7, 2351, 7577
List the prime factors of 1207617469.
6521, 185189
List the prime factors of 3189433207.
23, 47, 2950447
What are the prime factors of 48006596?
2, 11, 1091059
What are the prime factors of 23318795?
5, 19, 12919
List the prime factors of 82724040.
2, 3, 5, 7, 17, 1931
List the prime factors of 21319079.
179, 119101
List the prime factors of 1225160468.
2, 7, 47, 930973
List the prime factors of 5913287358.
2, 3, 11, 83, 1079461
What are the prime factors of 135790203?
3, 17, 97, 27449
List the prime factors of 116461702.
2, 7, 8318693
What are the prime factors of 134697614?
2, 23, 2928209
List the prime factors of 2062281620.
2, 5, 7, 71, 107, 277
List the prime factors of 859555459.
7, 19, 1907, 3389
List the prime factors of 1443989.
1443989
What are the prime factors of 16394891?
19, 167, 5167
What are the prime factors of 627157663?
11, 57014333
List the prime factors of 306588935.
5, 3083, 19889
What are the prime factors of 359370645?
3, 5, 157, 152599
What are the prime factors of 1741464151?
7, 331, 653, 1151
List the prime factors of 13133678.
2, 151, 157, 277
What are the prime factors of 68944438?
2, 1951, 17669
What are the prime factors of 250819716?
2, 3, 7, 2985949
What are the prime factors of 769006989?
3, 85445221
List the prime factors of 1424694929.
7, 199, 491, 2083
What are the prime factors of 778395941?
778395941
What are the prime factors of 249189801?
3, 7, 11866181
List the prime factors of 710092417.
31, 22906207
List the prime factors of 275705913.
3, 7, 97, 135349
List the prime factors of 3288326156.
2, 311, 2643349
List the prime factors of 23928831.
3, 137, 6469
List the prime factors of 878602061.
83, 647, 16361
List the prime factors of 231976035.
3, 5, 19, 90439
What are the prime factors of 65284086?
2, 3, 7, 1554383
What are the prime factors of 5928894065?
5, 1185778813
List the prime factors of 60424478.
2, 37, 816547
List the prime factors of 78387420.
2, 3, 5, 331, 3947
List the prime factors of 747048058.
2, 373524029
List the prime factors of 1200379300.
2, 5, 167, 71879
List the prime factors of 4573727343.
3, 169397309
List the prime factors of 118791989.
5557, 21377
What are the prime factors of 4282340798?
2, 47, 45556817
List the prime factors of 96968543.
7, 13852649
List the prime factors of 24831885.
3, 5, 13, 127343
What are the prime factors of 17818157?
7, 2545451
List the prime factors of 83009466.
2, 3, 4611637
What are the prime factors of 462518147?
7, 13, 5082617
List the prime factors of 61993727.
3511, 17657
What are the prime factors of 12251335?
5, 103, 23789
List the prime factors of 28216230.
2, 3, 5, 7, 134363
List the prime factors of 1181539899.
3, 17, 277, 9293
List the prime factors of 1447126872.
2, 3, 31, 463, 4201
List the prime factors of 73073370.
2, 3, 5, 367, 6637
What are the prime factors of 201547209?
3, 67182403
What are the prime factors of 917306?
2, 13, 35281
List the prime factors of 194991137.
11, 367, 4391
What are the prime factors of 147303454?
2, 23, 3202249
What are the prime factors of 960099676?
2, 151, 1589569
What are the prime factors of 769155773?
5443, 141311
List the prime factors of 41864745.
3, 5, 13, 214691
What are the prime factors of 511090365?
3, 5, 719, 47389
What are the prime factors of 153363752?
2, 19170469
List the prime factors of 1214915712.
2, 3, 461, 6863
What are the prime factors of 120736333?
3547, 34039
List the prime factors of 283053265.
5, 11, 571, 9013
What are the prime factors of 1431130038?
2, 3, 13, 18347821
List the prime factors of 86491035.
3, 5, 757, 2539
What are the prime factors of 612494017?
73, 8390329
What are the prime factors of 3013539812?
2, 61, 409, 30197
What are the prime factors of 1699809774?
2, 3, 13, 61, 27481
What are the prime factors of 92646770?
2, 5, 17, 271, 2011
List the prime factors of 77673260.
2, 5, 7, 503, 1103
What are the prime factors of 300711101?
300711101
List the prime factors of 10835432.
2, 233, 5813
List the prime factors of 46157769.
3, 7, 127, 641
List the prime factors of 3726784359.
3, 414087151
What are the prime factors of 1661009760?
2, 3, 5, 31, 79, 157
List the prime factors of 89910026.
2, 44955013
List the prime factors of 7435305.
3, 5, 165229
What are the prime factors of 115040473?
31, 359, 10337
What are the prime factors of 144860201?
144860201
List the prime factors of 645328855.
5, 129065771
List the prime factors of 55335540.
2, 3, 5, 13, 61, 1163
List the prime factors of 21563564.
2, 11, 113, 4337
List the prime factors of 278943688.
2, 211, 257, 643
List the prime factors of 212938718.
2, 106469359
List the prime factors of 572065659.
3, 11, 642049
What are the prime factors of 635266552?
2, 349, 227531
What are the prime factors of 94104614?
2, 47052307
List the prime factors of 66148480.
2, 5, 103357
What are the prime factors of 4859006463?
3, 29, 37, 503159
List the prime factors of 824215288.
2, 13, 19, 417113
What are the prime factors of 357610009?
4079, 87671
What are the prime factors of 226868546?
2, 7867, 14419
List the prime factors of 598731925.
5, 11, 17, 89, 1439
List the prime factors of 1991699200.
2, 5, 311203
What are the prime factors of 57814104?
2, 3, 823, 2927
List the prime factors of 72000837.
3, 79, 101267
List the prime factors of 19577220.
2, 3, 5, 13, 19, 1321
List the prime factors of 432251992.
2, 5227, 10337
What are the prime factors of 35858702?
2, 11, 23, 70867
List the prime factors of 262129919.
17, 23, 670409
List the prime factors of 161770943.
161770943
What are the prime factors of 57889560?
2, 3, 5, 482413
List the prime factors of 19664083.
73, 167, 1613
What are the prime factors of 548165926?
2, 7, 11, 3559519
What are the prime factors of 726879328?
2, 7, 499, 929
List the prime factors of 581784409.
31, 821, 22859
List the prime factors of 276508427.
13, 21269879
List the prime factors of 45056266.
2, 167, 277, 487
List the prime factors of 64842137.
3853, 16829
List the prime factors of 19485559.
3359, 5801
What are the prime factors of 4537956742?
2, 11, 89, 26041
What are the prime factors of 213602501?
7, 17, 6211
What are the prime factors of 140055874?
2, 7, 983, 10177
List the prime factors of 76633200.
2, 3, 5, 7, 3041
What are the prime factors of 647386578?
2, 3, 31, 569, 2039
What are the prime factors of 5622239409?
3, 431, 4348213
What are the prime factors of 245899634?
2, 19, 709, 9127
What are the prime factors of 44753677?
31, 53, 27239
What are the prime factors of 1753035850?
2, 5, 23, 1524379
List the prime factors of 28585973.
13, 571, 3851
What are the prime factors of 4583540384?
2, 149, 961313
What are the prime factors of 3567618297?
3, 23, 5744957
What are the prime factors of 44387428?
2, 11096857
List the prime factors of 130196957.
11, 11836087
List the prime factors of 4039670694.
2, 3, 457, 1473257
What are the prime factors of 1362446827?
7, 17, 1201, 9533
List the prime factors of 91595885.
5, 389, 47093
List the prime factors of 8307949503.
3, 7, 12263, 32261
What are the prime factors of 2191176586?
2, 1095588293
List the prime factors of 705329